{"id":42,"date":"2026-01-15T20:37:44","date_gmt":"2026-01-15T20:37:44","guid":{"rendered":"https:\/\/tumlehusetihou.dk\/index.php\/front_page\/"},"modified":"2026-03-11T19:51:21","modified_gmt":"2026-03-11T19:51:21","slug":"privat-vuggestue-i-8300-hou","status":"publish","type":"page","link":"https:\/\/tumlehusetihou.dk\/","title":{"rendered":"Hjem"},"content":{"rendered":"\n\n","protected":false},"excerpt":{"rendered":"","protected":false},"author":1,"featured_media":0,"parent":0,"menu_order":0,"comment_status":"closed","ping_status":"closed","template":"","meta":{"saved_in_kubio":true,"footnotes":""},"class_list":["post-42","page","type-page","status-publish","hentry"],"kubio_ai_page_context":{"short_desc":"","purpose":"general","isFrontPage":true},"yoast_head":"<!-- This site is optimized with the Yoast SEO plugin v27.0 - https:\/\/yoast.com\/product\/yoast-seo-wordpress\/ -->\n<title>Tumlehuset - Privat Vuggestue i 8300 Hou<\/title>\n<meta name=\"description\" content=\"Privat daginstitution for b\u00f8rn i alderen 0-3 \u00e5r i Odder. Tumlehuset har et s\u00e6rligt fokus p\u00e5 natur, bev\u00e6gelse og hjertevarme.\" \/>\n<meta name=\"robots\" content=\"index, follow, max-snippet:-1, max-image-preview:large, max-video-preview:-1\" \/>\n<link rel=\"canonical\" href=\"http:\/\/tumlehusetihou.dk\/\" \/>\n<meta property=\"og:locale\" content=\"da_DK\" \/>\n<meta property=\"og:type\" content=\"article\" \/>\n<meta property=\"og:title\" content=\"Tumlehuset - Privat Vuggestue i 8300 Hou\" \/>\n<meta property=\"og:description\" content=\"Privat daginstitution for b\u00f8rn i alderen 0-3 \u00e5r i Odder. Tumlehuset har et s\u00e6rligt fokus p\u00e5 natur, bev\u00e6gelse og hjertevarme.\" \/>\n<meta property=\"og:url\" content=\"http:\/\/tumlehusetihou.dk\/\" \/>\n<meta property=\"og:site_name\" content=\"Tumlehuset\" \/>\n<meta property=\"article:modified_time\" content=\"2026-03-11T19:51:21+00:00\" \/>\n<meta name=\"twitter:card\" content=\"summary_large_image\" \/>\n<script type=\"application\/ld+json\" class=\"yoast-schema-graph\">{\"@context\":\"https:\/\/schema.org\",\"@graph\":[{\"@type\":\"WebPage\",\"@id\":\"http:\/\/tumlehusetihou.dk\/\",\"url\":\"http:\/\/tumlehusetihou.dk\/\",\"name\":\"Tumlehuset - Privat Vuggestue i 8300 Hou\",\"isPartOf\":{\"@id\":\"http:\/\/tumlehusetihou.dk\/#website\"},\"datePublished\":\"2026-01-15T20:37:44+00:00\",\"dateModified\":\"2026-03-11T19:51:21+00:00\",\"description\":\"Privat daginstitution for b\u00f8rn i alderen 0-3 \u00e5r i Odder. Tumlehuset har et s\u00e6rligt fokus p\u00e5 natur, bev\u00e6gelse og hjertevarme.\",\"breadcrumb\":{\"@id\":\"http:\/\/tumlehusetihou.dk\/#breadcrumb\"},\"inLanguage\":\"da-DK\",\"potentialAction\":[{\"@type\":\"ReadAction\",\"target\":[\"http:\/\/tumlehusetihou.dk\/\"]}]},{\"@type\":\"BreadcrumbList\",\"@id\":\"http:\/\/tumlehusetihou.dk\/#breadcrumb\",\"itemListElement\":[{\"@type\":\"ListItem\",\"position\":1,\"name\":\"Hjem\",\"item\":\"http:\/\/tumlehusetihou.dk\/\"},{\"@type\":\"ListItem\",\"position\":2,\"name\":\"Hjem\"}]},{\"@type\":\"WebSite\",\"@id\":\"http:\/\/tumlehusetihou.dk\/#website\",\"url\":\"http:\/\/tumlehusetihou.dk\/\",\"name\":\"Tumlehuset\",\"description\":\"Privat Vuggestue i Hou\",\"publisher\":{\"@id\":\"http:\/\/tumlehusetihou.dk\/#organization\"},\"potentialAction\":[{\"@type\":\"SearchAction\",\"target\":{\"@type\":\"EntryPoint\",\"urlTemplate\":\"http:\/\/tumlehusetihou.dk\/?s={search_term_string}\"},\"query-input\":{\"@type\":\"PropertyValueSpecification\",\"valueRequired\":true,\"valueName\":\"search_term_string\"}}],\"inLanguage\":\"da-DK\"},{\"@type\":\"Organization\",\"@id\":\"http:\/\/tumlehusetihou.dk\/#organization\",\"name\":\"Tumlehuset\",\"url\":\"http:\/\/tumlehusetihou.dk\/\",\"logo\":{\"@type\":\"ImageObject\",\"inLanguage\":\"da-DK\",\"@id\":\"http:\/\/tumlehusetihou.dk\/#\/schema\/logo\/image\/\",\"url\":\"https:\/\/tumlehusetihou.dk\/wp-content\/uploads\/2026\/01\/Skaermbillede-2026-01-15-kl.-21.41.39.png\",\"contentUrl\":\"https:\/\/tumlehusetihou.dk\/wp-content\/uploads\/2026\/01\/Skaermbillede-2026-01-15-kl.-21.41.39.png\",\"width\":1436,\"height\":848,\"caption\":\"Tumlehuset\"},\"image\":{\"@id\":\"http:\/\/tumlehusetihou.dk\/#\/schema\/logo\/image\/\"}}]}<\/script>\n<!-- \/ Yoast SEO plugin. -->","yoast_head_json":{"title":"Tumlehuset - Privat Vuggestue i 8300 Hou","description":"Privat daginstitution for b\u00f8rn i alderen 0-3 \u00e5r i Odder. Tumlehuset har et s\u00e6rligt fokus p\u00e5 natur, bev\u00e6gelse og hjertevarme.","robots":{"index":"index","follow":"follow","max-snippet":"max-snippet:-1","max-image-preview":"max-image-preview:large","max-video-preview":"max-video-preview:-1"},"canonical":"http:\/\/tumlehusetihou.dk\/","og_locale":"da_DK","og_type":"article","og_title":"Tumlehuset - Privat Vuggestue i 8300 Hou","og_description":"Privat daginstitution for b\u00f8rn i alderen 0-3 \u00e5r i Odder. Tumlehuset har et s\u00e6rligt fokus p\u00e5 natur, bev\u00e6gelse og hjertevarme.","og_url":"http:\/\/tumlehusetihou.dk\/","og_site_name":"Tumlehuset","article_modified_time":"2026-03-11T19:51:21+00:00","twitter_card":"summary_large_image","schema":{"@context":"https:\/\/schema.org","@graph":[{"@type":"WebPage","@id":"http:\/\/tumlehusetihou.dk\/","url":"http:\/\/tumlehusetihou.dk\/","name":"Tumlehuset - Privat Vuggestue i 8300 Hou","isPartOf":{"@id":"http:\/\/tumlehusetihou.dk\/#website"},"datePublished":"2026-01-15T20:37:44+00:00","dateModified":"2026-03-11T19:51:21+00:00","description":"Privat daginstitution for b\u00f8rn i alderen 0-3 \u00e5r i Odder. Tumlehuset har et s\u00e6rligt fokus p\u00e5 natur, bev\u00e6gelse og hjertevarme.","breadcrumb":{"@id":"http:\/\/tumlehusetihou.dk\/#breadcrumb"},"inLanguage":"da-DK","potentialAction":[{"@type":"ReadAction","target":["http:\/\/tumlehusetihou.dk\/"]}]},{"@type":"BreadcrumbList","@id":"http:\/\/tumlehusetihou.dk\/#breadcrumb","itemListElement":[{"@type":"ListItem","position":1,"name":"Hjem","item":"http:\/\/tumlehusetihou.dk\/"},{"@type":"ListItem","position":2,"name":"Hjem"}]},{"@type":"WebSite","@id":"http:\/\/tumlehusetihou.dk\/#website","url":"http:\/\/tumlehusetihou.dk\/","name":"Tumlehuset","description":"Privat Vuggestue i Hou","publisher":{"@id":"http:\/\/tumlehusetihou.dk\/#organization"},"potentialAction":[{"@type":"SearchAction","target":{"@type":"EntryPoint","urlTemplate":"http:\/\/tumlehusetihou.dk\/?s={search_term_string}"},"query-input":{"@type":"PropertyValueSpecification","valueRequired":true,"valueName":"search_term_string"}}],"inLanguage":"da-DK"},{"@type":"Organization","@id":"http:\/\/tumlehusetihou.dk\/#organization","name":"Tumlehuset","url":"http:\/\/tumlehusetihou.dk\/","logo":{"@type":"ImageObject","inLanguage":"da-DK","@id":"http:\/\/tumlehusetihou.dk\/#\/schema\/logo\/image\/","url":"https:\/\/tumlehusetihou.dk\/wp-content\/uploads\/2026\/01\/Skaermbillede-2026-01-15-kl.-21.41.39.png","contentUrl":"https:\/\/tumlehusetihou.dk\/wp-content\/uploads\/2026\/01\/Skaermbillede-2026-01-15-kl.-21.41.39.png","width":1436,"height":848,"caption":"Tumlehuset"},"image":{"@id":"http:\/\/tumlehusetihou.dk\/#\/schema\/logo\/image\/"}}]}},"_links":{"self":[{"href":"https:\/\/tumlehusetihou.dk\/index.php\/wp-json\/wp\/v2\/pages\/42","targetHints":{"allow":["GET"]}}],"collection":[{"href":"https:\/\/tumlehusetihou.dk\/index.php\/wp-json\/wp\/v2\/pages"}],"about":[{"href":"https:\/\/tumlehusetihou.dk\/index.php\/wp-json\/wp\/v2\/types\/page"}],"author":[{"embeddable":true,"href":"https:\/\/tumlehusetihou.dk\/index.php\/wp-json\/wp\/v2\/users\/1"}],"replies":[{"embeddable":true,"href":"https:\/\/tumlehusetihou.dk\/index.php\/wp-json\/wp\/v2\/comments?post=42"}],"version-history":[{"count":9,"href":"https:\/\/tumlehusetihou.dk\/index.php\/wp-json\/wp\/v2\/pages\/42\/revisions"}],"predecessor-version":[{"id":192,"href":"https:\/\/tumlehusetihou.dk\/index.php\/wp-json\/wp\/v2\/pages\/42\/revisions\/192"}],"wp:attachment":[{"href":"https:\/\/tumlehusetihou.dk\/index.php\/wp-json\/wp\/v2\/media?parent=42"}],"curies":[{"name":"wp","href":"https:\/\/api.w.org\/{rel}","templated":true}]}}

<!-- This site is optimized with the Yoast SEO plugin v27.0 - https://yoast.com/product/yoast-seo-wordpress/ -->
<title>Tumlehuset - Privat Vuggestue i 8300 Hou</title>
<meta name="description" content="Privat daginstitution for børn i alderen 0-3 år i Odder. Tumlehuset har et særligt fokus på natur, bevægelse og hjertevarme." />
<meta name="robots" content="index, follow, max-snippet:-1, max-image-preview:large, max-video-preview:-1" />
<link rel="canonical" href="http://tumlehusetihou.dk/" />
<meta property="og:locale" content="da_DK" />
<meta property="og:type" content="article" />
<meta property="og:title" content="Tumlehuset - Privat Vuggestue i 8300 Hou" />
<meta property="og:description" content="Privat daginstitution for børn i alderen 0-3 år i Odder. Tumlehuset har et særligt fokus på natur, bevægelse og hjertevarme." />
<meta property="og:url" content="http://tumlehusetihou.dk/" />
<meta property="og:site_name" content="Tumlehuset" />
<meta property="article:modified_time" content="2026-03-11T19:51:21+00:00" />
<meta name="twitter:card" content="summary_large_image" />
<script type="application/ld+json" class="yoast-schema-graph">{"@context":"https://schema.org","@graph":[{"@type":"WebPage","@id":"http://tumlehusetihou.dk/","url":"http://tumlehusetihou.dk/","name":"Tumlehuset - Privat Vuggestue i 8300 Hou","isPartOf":{"@id":"http://tumlehusetihou.dk/#website"},"datePublished":"2026-01-15T20:37:44+00:00","dateModified":"2026-03-11T19:51:21+00:00","description":"Privat daginstitution for børn i alderen 0-3 år i Odder. Tumlehuset har et særligt fokus på natur, bevægelse og hjertevarme.","breadcrumb":{"@id":"http://tumlehusetihou.dk/#breadcrumb"},"inLanguage":"da-DK","potentialAction":[{"@type":"ReadAction","target":["http://tumlehusetihou.dk/"]}]},{"@type":"BreadcrumbList","@id":"http://tumlehusetihou.dk/#breadcrumb","itemListElement":[{"@type":"ListItem","position":1,"name":"Hjem","item":"http://tumlehusetihou.dk/"},{"@type":"ListItem","position":2,"name":"Hjem"}]},{"@type":"WebSite","@id":"http://tumlehusetihou.dk/#website","url":"http://tumlehusetihou.dk/","name":"Tumlehuset","description":"Privat Vuggestue i Hou","publisher":{"@id":"http://tumlehusetihou.dk/#organization"},"potentialAction":[{"@type":"SearchAction","target":{"@type":"EntryPoint","urlTemplate":"http://tumlehusetihou.dk/?s={search_term_string}"},"query-input":{"@type":"PropertyValueSpecification","valueRequired":true,"valueName":"search_term_string"}}],"inLanguage":"da-DK"},{"@type":"Organization","@id":"http://tumlehusetihou.dk/#organization","name":"Tumlehuset","url":"http://tumlehusetihou.dk/","logo":{"@type":"ImageObject","inLanguage":"da-DK","@id":"http://tumlehusetihou.dk/#/schema/logo/image/","url":"https://tumlehusetihou.dk/wp-content/uploads/2026/01/Skaermbillede-2026-01-15-kl.-21.41.39.png","contentUrl":"https://tumlehusetihou.dk/wp-content/uploads/2026/01/Skaermbillede-2026-01-15-kl.-21.41.39.png","width":1436,"height":848,"caption":"Tumlehuset"},"image":{"@id":"http://tumlehusetihou.dk/#/schema/logo/image/"}}]}</script>
<!-- / Yoast SEO plugin. -->

Privat daginstitution for børn i alderen 0-3 år i Odder. Tumlehuset har et særligt fokus på natur, bevægelse og hjertevarme.
